{"id":1345,"date":"2015-11-16T15:06:07","date_gmt":"2015-11-16T20:06:07","guid":{"rendered":"https:\/\/eila.org\/de\/?page_id=1345"},"modified":"2024-08-13T08:36:32","modified_gmt":"2024-08-13T12:36:32","slug":"die-mitglieder-des-komitees","status":"publish","type":"page","link":"https:\/\/www.eila.org\/de\/die-mitglieder-des-komitees\/","title":{"rendered":"Die Mitglieder des Komitees"},"content":{"rendered":"[vc_row no_margin=&#8220;true&#8220; padding_top=&#8220;0px&#8220; padding_bottom=&#8220;20px !important&#8220; border=&#8220;none&#8220;][vc_column width=&#8220;1\/1&#8243;]<p>Das Komitee ist die Exekutive der Entente. Es setzt sich zusammen aus den Landesdelegierten der einzelnen Mitgliedsl\u00e4nder. Jedes Land hat eine Stimme. Das Komitee trifft sich einmal im Jahr um die Belange der EILA zu regeln. So wird z.B. \u00fcber die Aufnahme neuer Mitglieder entschieden, Projekte erarbeitet, Statutenfragen gekl\u00e4rt etc.<\/p>\n\n<table border=\"0\" width=\"100%\" cellspacing=\"2\" cellpadding=\"2\">\n<tbody>\n<tr>\n<td width=\"14%\"><strong>Australien<\/strong><\/td>\n<td width=\"86%\"><a href=\"https:\/\/eila.org\/profile\/Alexander-William\/\">Alexander Grant<\/a><\/td>\n<\/tr>\n<tr>\n<td><strong>\u00d6sterreich<\/strong><\/td>\n<td><a href=\"https:\/\/eila.org\/profile\/Alexander\/\">Alexander Sch\u00fctz<\/a><\/td>\n<\/tr>\n<tr>\n<td><strong>Belgien<\/strong><\/td>\n<td><a href=\"https:\/\/www.eila.org\/profile\/164\/\">Pierre Guillaume<\/a><\/td>\n<\/tr>\n<tr>\n<td><strong>Kanada<\/strong><\/td>\n<td><a href=\"https:\/\/eila.org\/profile\/Olivier\/\">Olivier P\u00e9rot<\/a><\/td>\n<\/tr>\n<tr>\n<td><strong>China<\/strong><\/td>\n<td><a href=\"https:\/\/eila.org\/profile\/Quan\/\">Quan Zheng<\/a><\/td>\n<\/tr>\n<tr>\n<td><strong>Tschechische Republik<\/strong><\/td>\n<td><a href=\"https:\/\/eila.org\/profile\/Jan\/\">Jan Spidlen<\/a><\/td>\n<\/tr>\n<tr>\n<td><strong>D\u00e4nemark<\/strong><\/td>\n<td><a href=\"https:\/\/eila.org\/profile\/Jens-T.\/\">Jens Stenz<\/a><\/td>\n<\/tr>\n<tr>\n<td><strong>Finland<\/strong><\/td>\n<td><a href=\"https:\/\/www.eila.org\/profile\/187\/\">Ilkka Vainio<\/a><\/td>\n<\/tr>\n<tr>\n<td><strong>Frankreich<\/strong><\/td>\n<td><a href=\"https:\/\/www.eila.org\/profile\/37\/\">Maurice Beaufort<\/a><\/td>\n<\/tr>\n<tr>\n<td><strong>Deutschland<\/strong><\/td>\n<td><a href=\"https:\/\/eila.org\/profile\/Daniel\/\">Daniel Kogge<\/a><\/td>\n<\/tr>\n<tr>\n<td><strong>Italien<\/strong><\/td>\n<td><a href=\"https:\/\/www.eila.org\/profile\/130\/\">Elisa Scrollavezza<\/a><\/td>\n<\/tr>\n<tr>\n<td><strong>Japan<\/strong><\/td>\n<td><a href=\"https:\/\/www.eila.org\/profile\/82\/\">Toshiyuki Matsushita<\/a><\/td>\n<\/tr>\n<tr>\n<td><strong>Niederlande<\/strong><\/td>\n<td><a href=\"https:\/\/www.eila.org\/profile\/167\/\">Andreas Post<\/a><\/td>\n<\/tr>\n<tr>\n<td><strong>Norwegen<\/strong><\/td>\n<td><a href=\"https:\/\/eila.org\/profile\/Jacob\/\">Jacob Von der Lippe<\/a><\/td>\n<\/tr>\n<tr>\n<td><strong>Portugal<\/strong><\/td>\n<td><a href=\"https:\/\/eila.org\/profile\/Antonio\/\">Joaquim Ant\u00f3nio Capela<\/a><\/td>\n<\/tr>\n<tr>\n<td><strong>Spanien<\/strong><\/td>\n<td><a href=\"https:\/\/www.eila.org\/profile\/56\/\">Francisco Gonz\u00e1lez<\/a><\/td>\n<\/tr>\n<tr>\n<td><strong>Schweden<\/strong><\/td>\n<td><a href=\"https:\/\/www.eila.org\/profile\/17\/\">Paul Barter<\/a><\/td>\n<\/tr>\n<tr>\n<td><strong>Schweiz<\/strong><\/td>\n<td><a href=\"https:\/\/eila.org\/profile\/John-Eric\/\">John-Eric Traelnes<\/a><\/td>\n<\/tr>\n<tr>\n<td><strong>Vereinigtes K\u00f6nigreich<\/strong><\/td>\n<td><a href=\"https:\/\/www.eila.org\/profile\/47\/\">Anna Helena Fairfax-van-der-Grinten<\/a><\/td>\n<\/tr>\n<tr>\n<td><strong>USA<\/strong><\/td>\n<td><a href=\"https:\/\/www.eila.org\/profile\/172\/\">Daniel Weisshaar<\/a><\/td>\n<\/tr>\n<\/tbody>\n<\/table>\n[\/vc_column][\/vc_row]\n<table border=\"0\" width=\"100%\" cellspacing=\"2\" cellpadding=\"2\">\n<tbody>\n<tr>\n<td width=\"25%\"><strong>Bogenmacher Delegierter<\/strong><\/td>\n<td width=\"75%\"><a href=\"https:\/\/www.eila.org\/profile\/40\/\">Yung Chin<\/a><\/td>\n<\/tr>\n<\/tbody>\n<\/table>\n","protected":false},"excerpt":{"rendered":"<p>[vc_row no_margin=&#8220;true&#8220; padding_top=&#8220;0px&#8220; padding_bottom=&#8220;20px !important&#8220; border=&#8220;none&#8220;][vc_column width=&#8220;1\/1&#8243;] Australien Alexander Grant \u00d6sterreich Alexander Sch\u00fctz Belgien Pierre Guillaume Kanada Olivier P\u00e9rot China Quan Zheng Tschechische Republik Jan Spidlen D\u00e4nemark Jens Stenz Finland Ilkka Vainio Frankreich Maurice Beaufort Deutschland Daniel Kogge Italien Elisa Scrollavezza Japan Toshiyuki Matsushita Niederlande Andreas Post Norwegen Jacob Von &#8230; <\/p>\n<div><a href=\"https:\/\/www.eila.org\/de\/die-mitglieder-des-komitees\/\" class=\"more-link\">Read More<\/a><\/div>\n","protected":false},"author":152,"featured_media":0,"parent":0,"menu_order":0,"comment_status":"closed","ping_status":"open","template":"template-layout-full-width.php","meta":[],"aioseo_notices":[],"_links":{"self":[{"href":"https:\/\/www.eila.org\/de\/wp-json\/wp\/v2\/pages\/1345\/"}],"collection":[{"href":"https:\/\/www.eila.org\/de\/wp-json\/wp\/v2\/pages\/"}],"about":[{"href":"https:\/\/www.eila.org\/de\/wp-json\/wp\/v2\/types\/page\/"}],"author":[{"embeddable":true,"href":"https:\/\/www.eila.org\/de\/wp-json\/wp\/v2\/users\/152\/"}],"replies":[{"embeddable":true,"href":"https:\/\/www.eila.org\/de\/wp-json\/wp\/v2\/comments\/?post=1345"}],"version-history":[{"count":14,"href":"https:\/\/www.eila.org\/de\/wp-json\/wp\/v2\/pages\/1345\/revisions\/"}],"predecessor-version":[{"id":3087,"href":"https:\/\/www.eila.org\/de\/wp-json\/wp\/v2\/pages\/1345\/revisions\/3087\/"}],"wp:attachment":[{"href":"https:\/\/www.eila.org\/de\/wp-json\/wp\/v2\/media\/?parent=1345"}],"curies":[{"name":"wp","href":"https:\/\/api.w.org\/{rel}","templated":true}]}}

[vc_row no_margin=&#8220;true&#8220; padding_top=&#8220;0px&#8220; padding_bottom=&#8220;20px !important&#8220; border=&#8220;none&#8220;][vc_column width=&#8220;1/1&#8243;]<p>Das Komitee ist die Exekutive der Entente. Es setzt sich zusammen aus den Landesdelegierten der einzelnen Mitgliedsländer. Jedes Land hat eine Stimme. Das Komitee trifft sich einmal im Jahr um die Belange der EILA zu regeln. So wird z.B. über die Aufnahme neuer Mitglieder entschieden, Projekte erarbeitet, Statutenfragen geklärt etc.</p>

<table border="0" width="100%" cellspacing="2" cellpadding="2">
<tbody>
<tr>
<td width="14%"><strong>Australien</strong></td>
<td width="86%"><a href="https://eila.org/profile/Alexander-William/">Alexander Grant</a></td>
</tr>
<tr>
<td><strong>Österreich</strong></td>
<td><a href="https://eila.org/profile/Alexander/">Alexander Schütz</a></td>
</tr>
<tr>
<td><strong>Belgien</strong></td>
<td><a href="https://www.eila.org/profile/164/">Pierre Guillaume</a></td>
</tr>
<tr>
<td><strong>Kanada</strong></td>
<td><a href="https://eila.org/profile/Olivier/">Olivier Pérot</a></td>
</tr>
<tr>
<td><strong>China</strong></td>
<td><a href="https://eila.org/profile/Quan/">Quan Zheng</a></td>
</tr>
<tr>
<td><strong>Tschechische Republik</strong></td>
<td><a href="https://eila.org/profile/Jan/">Jan Spidlen</a></td>
</tr>
<tr>
<td><strong>Dänemark</strong></td>
<td><a href="https://eila.org/profile/Jens-T./">Jens Stenz</a></td>
</tr>
<tr>
<td><strong>Finland</strong></td>
<td><a href="https://www.eila.org/profile/187/">Ilkka Vainio</a></td>
</tr>
<tr>
<td><strong>Frankreich</strong></td>
<td><a href="https://www.eila.org/profile/37/">Maurice Beaufort</a></td>
</tr>
<tr>
<td><strong>Deutschland</strong></td>
<td><a href="https://eila.org/profile/Daniel/">Daniel Kogge</a></td>
</tr>
<tr>
<td><strong>Italien</strong></td>
<td><a href="https://www.eila.org/profile/130/">Elisa Scrollavezza</a></td>
</tr>
<tr>
<td><strong>Japan</strong></td>
<td><a href="https://www.eila.org/profile/82/">Toshiyuki Matsushita</a></td>
</tr>
<tr>
<td><strong>Niederlande</strong></td>
<td><a href="https://www.eila.org/profile/167/">Andreas Post</a></td>
</tr>
<tr>
<td><strong>Norwegen</strong></td>
<td><a href="https://eila.org/profile/Jacob/">Jacob Von der Lippe</a></td>
</tr>
<tr>
<td><strong>Portugal</strong></td>
<td><a href="https://eila.org/profile/Antonio/">Joaquim António Capela</a></td>
</tr>
<tr>
<td><strong>Spanien</strong></td>
<td><a href="https://www.eila.org/profile/56/">Francisco González</a></td>
</tr>
<tr>
<td><strong>Schweden</strong></td>
<td><a href="https://www.eila.org/profile/17/">Paul Barter</a></td>
</tr>
<tr>
<td><strong>Schweiz</strong></td>
<td><a href="https://eila.org/profile/John-Eric/">John-Eric Traelnes</a></td>
</tr>
<tr>
<td><strong>Vereinigtes Königreich</strong></td>
<td><a href="https://www.eila.org/profile/47/">Anna Helena Fairfax-van-der-Grinten</a></td>
</tr>
<tr>
<td><strong>USA</strong></td>
<td><a href="https://www.eila.org/profile/172/">Daniel Weisshaar</a></td>
</tr>
</tbody>
</table>
[/vc_column][/vc_row]
<table border="0" width="100%" cellspacing="2" cellpadding="2">
<tbody>
<tr>
<td width="25%"><strong>Bogenmacher Delegierter</strong></td>
<td width="75%"><a href="https://www.eila.org/profile/40/">Yung Chin</a></td>
</tr>
</tbody>
</table>

<p>[vc_row no_margin=&#8220;true&#8220; padding_top=&#8220;0px&#8220; padding_bottom=&#8220;20px !important&#8220; border=&#8220;none&#8220;][vc_column width=&#8220;1/1&#8243;] Australien Alexander Grant Österreich Alexander Schütz Belgien Pierre Guillaume Kanada Olivier Pérot China Quan Zheng Tschechische Republik Jan Spidlen Dänemark Jens Stenz Finland Ilkka Vainio Frankreich Maurice Beaufort Deutschland Daniel Kogge Italien Elisa Scrollavezza Japan Toshiyuki Matsushita Niederlande Andreas Post Norwegen Jacob Von &#8230; </p>
<div><a href="https://www.eila.org/de/die-mitglieder-des-komitees/" class="more-link">Read More</a></div>
